{"batchcomplete":"","continue":{"lecontinue":"20260218123258|2704","continue":"-||"},"query":{"logevents":[{"logid":2714,"ns":0,"title":"Vladim\u00edr \u0160im\u00e1k","pageid":2199,"logpage":2199,"params":{},"type":"create","action":"create","user":"DanielGargulak","timestamp":"2026-03-07T16:45:12Z","comment":"Zalo\u017eena nov\u00e1 str\u00e1nka s textem \u201e<nowiki>*</nowiki>29. \u00fanor 1925 (28.\u00fanor?)- ?  \u010ceskoslovensk\u00fd partyz\u00e1n. Syn Karla \u0160im\u00e1ka.\u201c"},{"logid":2713,"ns":6,"title":"Soubor:Nikolaj Borisov.jpg","pageid":2198,"logpage":2198,"params":{},"type":"create","action":"create","user":"DanielGargulak","timestamp":"2026-03-05T20:08:27Z","comment":""},{"logid":2712,"ns":6,"title":"Soubor:Nikolaj Borisov.jpg","pageid":2198,"logpage":2198,"params":{"img_sha1":"t28zjdg06jaqdhbpy93klrnwy3qmji0","img_timestamp":"2026-03-05T20:08:26Z"},"type":"upload","action":"upload","user":"DanielGargulak","timestamp":"2026-03-05T20:08:26Z","comment":""},{"logid":2711,"ns":0,"title":"Josef \u0158ezn\u00ed\u010dek","pageid":2197,"logpage":2197,"params":{},"type":"create","action":"create","user":"DanielGargulak","timestamp":"2026-02-18T13:50:02Z","comment":"Zalo\u017eena nov\u00e1 str\u00e1nka s textem \u201e<nowiki>*</nowiki>18. 4. 1908 v Senince - \u202021. 3. 1991 Vala\u0161sk\u00e1 Polanka\u201c"},{"logid":2710,"ns":0,"title":"Du\u0161an Kalandra","pageid":2196,"logpage":2196,"params":{},"type":"create","action":"create","user":"DanielGargulak","timestamp":"2026-02-18T13:33:34Z","comment":"Zalo\u017eena nov\u00e1 str\u00e1nka s textem \u201e<nowiki>*</nowiki>07. ledna 1906, Fren\u0161t\u00e1t p. Radho\u0161t\u011bm - ?\u201c"},{"logid":2709,"ns":6,"title":"Soubor:VHA - Jaroslav Pol\u010d\u00e1k.jpeg","pageid":2195,"logpage":2195,"params":{},"type":"create","action":"create","user":"DanielGargulak","timestamp":"2026-02-18T13:28:55Z","comment":""},{"logid":2708,"ns":6,"title":"Soubor:VHA - Jaroslav Pol\u010d\u00e1k.jpeg","pageid":2195,"logpage":2195,"params":{"img_sha1":"2693xseigk5on1lrg6d8akkx94kvl1l","img_timestamp":"2026-02-18T13:28:55Z"},"type":"upload","action":"upload","user":"DanielGargulak","timestamp":"2026-02-18T13:28:55Z","comment":""},{"logid":2707,"ns":0,"title":"Jaroslav Pol\u010d\u00e1k","pageid":2194,"logpage":2194,"params":{},"type":"create","action":"create","user":"DanielGargulak","timestamp":"2026-02-18T13:28:33Z","comment":"Zalo\u017eena nov\u00e1 str\u00e1nka s textem \u201e<nowiki>*</nowiki>2. \u010derven 1911 Prlov - ?  \u010ceskoslovensk\u00fd partyz\u00e1n. Zapojil se do aktivit 1.\u010ds. partyz\u00e1nsk\u00e9 brig\u00e1dy Jana \u017di\u017eky i do organizace P\u2026\u201c"},{"logid":2706,"ns":6,"title":"Soubor:Arolsen Archive Ladislav Proke\u0161.jpeg","pageid":2193,"logpage":2193,"params":{},"type":"create","action":"create","user":"DanielGargulak","timestamp":"2026-02-18T12:58:17Z","comment":""},{"logid":2705,"ns":6,"title":"Soubor:Arolsen Archive Ladislav Proke\u0161.jpeg","pageid":2193,"logpage":2193,"params":{"img_sha1":"do4x4v0rmxcm7lc58poty4m66xvequz","img_timestamp":"2026-02-18T12:58:17Z"},"type":"upload","action":"upload","user":"DanielGargulak","timestamp":"2026-02-18T12:58:17Z","comment":""}]}}

Vladimír Šimák

Založena nová stránka s textem „<nowiki>*</nowiki>29. únor 1925 (28.únor?)- ?  Československý partyzán. Syn Karla Šimáka.“

Josef Řezníček

Založena nová stránka s textem „<nowiki>*</nowiki>18. 4. 1908 v Senince - †21. 3. 1991 Valašská Polanka“

Dušan Kalandra

Založena nová stránka s textem „<nowiki>*</nowiki>07. ledna 1906, Frenštát p. Radhoštěm - ?“

Soubor:VHA - Jaroslav Polčák.jpeg

Jaroslav Polčák

Založena nová stránka s textem „<nowiki>*</nowiki>2. červen 1911 Prlov - ?  Československý partyzán. Zapojil se do aktivit 1.čs. partyzánské brigády Jana Žižky i do organizace P…“

Soubor:Arolsen Archive Ladislav Prokeš.jpeg
